{"id":59,"date":"2016-07-15T14:53:33","date_gmt":"2016-07-15T14:53:33","guid":{"rendered":"http:\/\/bridge52.qodeinteractive.com\/?page_id=59"},"modified":"2020-06-30T10:58:52","modified_gmt":"2020-06-30T08:58:52","slug":"chi-sono","status":"publish","type":"page","link":"https:\/\/www.coffereali.com\/it\/chi-sono\/","title":{"rendered":"Su di me"},"content":{"rendered":"<div class=\"wpb-content-wrapper\"><p>[vc_row css_animation=&#8221;&#8221; row_type=&#8221;row&#8221; use_row_as_full_screen_section=&#8221;no&#8221; type=&#8221;grid&#8221; angled_section=&#8221;yes&#8221; angled_section_position=&#8221;both&#8221; angled_section_direction=&#8221;from_left_to_right&#8221; text_align=&#8221;center&#8221; background_image_as_pattern=&#8221;without_pattern&#8221; css=&#8221;.vc_custom_1542891396348{padding-top: 70px !important;padding-bottom: 70px !important;}&#8221; z_index=&#8221;&#8221;][vc_column offset=&#8221;vc_col-lg-offset-1 vc_col-lg-10&#8243;][vc_single_image image=&#8221;407&#8243; img_size=&#8221;full&#8221; alignment=&#8221;center&#8221; style=&#8221;vc_box_border_circle_2&#8243; qode_css_animation=&#8221;&#8221; css=&#8221;.vc_custom_1542891377177{padding-right: 5% !important;padding-left: 5% !important;}&#8221;][vc_empty_space height=&#8221;35px&#8221;]<div class=\"custom_font_holder\" style=\"font-family: Raleway; font-size: 24px; line-height: 36px; font-style: normal; font-weight: 400; text-decoration: none; text-align: center;\">Susanna Morabito<\/div>[vc_separator type=&#8221;small&#8221; position=&#8221;center&#8221; color=&#8221;#c5a513&#8243;][vc_empty_space height=&#8221;15px&#8221;][vc_column_text css=&#8221;.vc_custom_1592902222694{padding-right: 8% !important;padding-left: 8% !important;}&#8221;]<span style=\"vertical-align: inherit;\"><span style=\"vertical-align: inherit;\">Vivo a Palermo, citt\u00e0 viva e ricca di barocco sebbene viaggi molto, \u00e8 solo dalla mia citt\u00e0 che traggo l&#8217;ispirazione che mi guida nella realizzazione dei miei progetti. <\/span><span style=\"vertical-align: inherit;\">Allestire e decorare e spazi in occasione di eventi o semplicemente per il Natale, \u00e8 la mia attivit\u00e0 principale. <\/span><span style=\"vertical-align: inherit;\">Amo realizzare vere e proprie &#8220;opere d&#8217;arte&#8221;, capacit\u00e0 di arricchire o di riempire un ambiente, piccolo o grande che sia, con pazienza, passione, voglia di stupire.<\/span><\/span><\/p>\n<p>&nbsp;<\/p>\n<p><span style=\"vertical-align: inherit;\"><span style=\"vertical-align: inherit;\">Ecco come nascono le mie <a href=\"https:\/\/coffereali.com\/it\"> <span style=\"text-decoration: underline;\">coffe siciliane<\/span><\/a> <\/span> targate Coffe Reali. <\/span><span style=\"vertical-align: inherit;\">Le guard\u00f2 al naturale nella loro gi\u00e0 bella fattura e per me sono come delle stanze vuote in attesa di essere valorizzate, rivestite e nascono decorate o addobbate, con uno stile molto ricco, come tradizione comanda; <\/span><span style=\"vertical-align: inherit;\">e il dedico alle donne alle quali piace non passare inosservato, affascinato dalla tradizione e nello stesso tempo, dai cambiamenti.<\/span>[\/vc_column_text][vc_empty_space height=&#8221;50px&#8221;][vc_row_inner row_type=&#8221;row&#8221; type=&#8221;full_width&#8221; text_align=&#8221;left&#8221; css_animation=&#8221;&#8221;][vc_column_inner][vc_column_text]<\/p>\n<h3 class=\"fs85 playfair chief-hdr\" style=\"text-align: center;\">Intrecci \u201creali\u201d di paglia: vere opere d\u2019arte<\/h3>\n<p>[\/vc_column_text][vc_empty_space height=&#8221;25px&#8221;][vc_single_image image=&#8221;956&#8243; img_size=&#8221;600&#215;320&#8243; alignment=&#8221;center&#8221; onclick=&#8221;custom_link&#8221; img_link_target=&#8221;_blank&#8221; qode_css_animation=&#8221;&#8221; link=&#8221;http:\/\/www.imore.it\/rivista\/intrecci-reali-di-paglia-vere-opere-darte\/&#8221;][\/vc_column_inner][\/vc_row_inner][vc_empty_space height=&#8221;25px&#8221;][vc_column_text]<\/p>\n<p style=\"text-align: center;\">Monica Bracaloni<span class=\"author_company_divider\">\u00a0&#8211;<span style=\"color: #c5a513;\"><a style=\"color: #c5a513;\" href=\"http:\/\/Intrecci \u201creali\u201d di paglia: vere opere d\u2019arte Monica Bracaloni - http:\/\/www.imore.it\/rivista\/intrecci-reali-di-paglia-vere-opere-darte\/\">\u00a0<\/a><\/span><\/span><span style=\"color: #c5a513;\"><a style=\"color: #c5a513;\" href=\"http:\/\/www.imore.it\/rivista\/intrecci-reali-di-paglia-vere-opere-darte\/\"><span class=\"author_company\">http:\/\/www.imore.it\/rivista\/intrecci-reali-di-paglia-vere-opere-darte\/<\/span><\/a><\/span><\/p>\n<p>[\/vc_column_text][\/vc_column][\/vc_row]<\/p>\n<\/div>","protected":false},"excerpt":{"rendered":"<p>[vc_row css_animation=&#8221;&#8221; row_type=&#8221;row&#8221; use_row_as_full_screen_section=&#8221;no&#8221; type=&#8221;grid&#8221; angled_section=&#8221;yes&#8221; angled_section_position=&#8221;both&#8221; angled_section_direction=&#8221;from_left_to_right&#8221; text_align=&#8221;center&#8221; background_image_as_pattern=&#8221;without_pattern&#8221; css=&#8221;.vc_custom_1542891396348{padding-top: 70px !important;padding-bottom: 70px !important;}&#8221; z_index=&#8221;&#8221;][vc_column offset=&#8221;vc_col-lg-offset-1 vc_col-lg-10&#8243;][vc_single_image image=&#8221;407&#8243; img_size=&#8221;full&#8221; alignment=&#8221;center&#8221; style=&#8221;vc_box_border_circle_2&#8243; qode_css_animation=&#8221;&#8221; css=&#8221;.vc_custom_1542891377177{padding-right: 5% !important;padding-left: 5% !important;}&#8221;][vc_empty_space height=&#8221;35px&#8221;][vc_separator type=&#8221;small&#8221; position=&#8221;center&#8221; color=&#8221;#c5a513&#8243;][vc_empty_space height=&#8221;15px&#8221;][vc_column_text css=&#8221;.vc_custom_1592902222694{padding-right: 8% !important;padding-left: 8% !important;}&#8221;]Vivo a Palermo, citt\u00e0 viva e ricca di&#8230;<\/p>\n","protected":false},"author":4,"featured_media":0,"parent":0,"menu_order":0,"comment_status":"closed","ping_status":"closed","template":"full_width.php","meta":{"footnotes":""},"class_list":["post-59","page","type-page","status-publish","hentry"],"yoast_head":"<!-- This site is optimized with the Yoast SEO plugin v27.5 - https:\/\/yoast.com\/product\/yoast-seo-wordpress\/ -->\n<title>Su di me | Coffe Reali<\/title>\n<meta name=\"robots\" content=\"index, follow, max-snippet:-1, max-image-preview:large, max-video-preview:-1\" \/>\n<link rel=\"canonical\" href=\"https:\/\/www.coffereali.com\/about-me\/\" \/>\n<meta property=\"og:locale\" content=\"it_IT\" \/>\n<meta property=\"og:type\" content=\"article\" \/>\n<meta property=\"og:title\" content=\"Su di me | Coffe Reali\" \/>\n<meta property=\"og:description\" content=\"[vc_row css_animation=&#8221;&#8221; row_type=&#8221;row&#8221; use_row_as_full_screen_section=&#8221;no&#8221; type=&#8221;grid&#8221; angled_section=&#8221;yes&#8221; angled_section_position=&#8221;both&#8221; angled_section_direction=&#8221;from_left_to_right&#8221; text_align=&#8221;center&#8221; background_image_as_pattern=&#8221;without_pattern&#8221; css=&#8221;.vc_custom_1542891396348{padding-top: 70px !important;padding-bottom: 70px !important;}&#8221; z_index=&#8221;&#8221;][vc_column offset=&#8221;vc_col-lg-offset-1 vc_col-lg-10&#8243;][vc_single_image image=&#8221;407&#8243; img_size=&#8221;full&#8221; alignment=&#8221;center&#8221; style=&#8221;vc_box_border_circle_2&#8243; qode_css_animation=&#8221;&#8221; css=&#8221;.vc_custom_1542891377177{padding-right: 5% !important;padding-left: 5% !important;}&#8221;][vc_empty_space height=&#8221;35px&#8221;][vc_separator type=&#8221;small&#8221; position=&#8221;center&#8221; color=&#8221;#c5a513&#8243;][vc_empty_space height=&#8221;15px&#8221;][vc_column_text css=&#8221;.vc_custom_1592902222694{padding-right: 8% !important;padding-left: 8% !important;}&#8221;]Vivo a Palermo, citt\u00e0 viva e ricca di...\" \/>\n<meta property=\"og:url\" content=\"https:\/\/www.coffereali.com\/about-me\/\" \/>\n<meta property=\"og:site_name\" content=\"Coffe Reali\" \/>\n<meta property=\"article:modified_time\" content=\"2020-06-30T08:58:52+00:00\" \/>\n<meta name=\"twitter:card\" content=\"summary_large_image\" \/>\n<meta name=\"twitter:label1\" content=\"Tempo di lettura stimato\" \/>\n\t<meta name=\"twitter:data1\" content=\"2 minuti\" \/>\n<script type=\"application\/ld+json\" class=\"yoast-schema-graph\">{\"@context\":\"https:\\\/\\\/schema.org\",\"@graph\":[{\"@type\":\"WebPage\",\"@id\":\"https:\\\/\\\/www.coffereali.com\\\/about-me\\\/\",\"url\":\"https:\\\/\\\/www.coffereali.com\\\/about-me\\\/\",\"name\":\"Su di me | Coffe Reali\",\"isPartOf\":{\"@id\":\"https:\\\/\\\/www.coffereali.com\\\/#website\"},\"datePublished\":\"2016-07-15T14:53:33+00:00\",\"dateModified\":\"2020-06-30T08:58:52+00:00\",\"breadcrumb\":{\"@id\":\"https:\\\/\\\/www.coffereali.com\\\/about-me\\\/#breadcrumb\"},\"inLanguage\":\"it-IT\",\"potentialAction\":[{\"@type\":\"ReadAction\",\"target\":[\"https:\\\/\\\/www.coffereali.com\\\/about-me\\\/\"]}]},{\"@type\":\"BreadcrumbList\",\"@id\":\"https:\\\/\\\/www.coffereali.com\\\/about-me\\\/#breadcrumb\",\"itemListElement\":[{\"@type\":\"ListItem\",\"position\":1,\"name\":\"Home\",\"item\":\"https:\\\/\\\/www.coffereali.com\\\/\"},{\"@type\":\"ListItem\",\"position\":2,\"name\":\"Su di me\"}]},{\"@type\":\"WebSite\",\"@id\":\"https:\\\/\\\/www.coffereali.com\\\/#website\",\"url\":\"https:\\\/\\\/www.coffereali.com\\\/\",\"name\":\"Coffe Reali\",\"description\":\"Coffe artigianali Palermo Sicilia\",\"potentialAction\":[{\"@type\":\"SearchAction\",\"target\":{\"@type\":\"EntryPoint\",\"urlTemplate\":\"https:\\\/\\\/www.coffereali.com\\\/?s={search_term_string}\"},\"query-input\":{\"@type\":\"PropertyValueSpecification\",\"valueRequired\":true,\"valueName\":\"search_term_string\"}}],\"inLanguage\":\"it-IT\"}]}<\/script>\n<!-- \/ Yoast SEO plugin. -->","yoast_head_json":{"title":"Su di me | Coffe Reali","robots":{"index":"index","follow":"follow","max-snippet":"max-snippet:-1","max-image-preview":"max-image-preview:large","max-video-preview":"max-video-preview:-1"},"canonical":"https:\/\/www.coffereali.com\/about-me\/","og_locale":"it_IT","og_type":"article","og_title":"Su di me | Coffe Reali","og_description":"[vc_row css_animation=&#8221;&#8221; row_type=&#8221;row&#8221; use_row_as_full_screen_section=&#8221;no&#8221; type=&#8221;grid&#8221; angled_section=&#8221;yes&#8221; angled_section_position=&#8221;both&#8221; angled_section_direction=&#8221;from_left_to_right&#8221; text_align=&#8221;center&#8221; background_image_as_pattern=&#8221;without_pattern&#8221; css=&#8221;.vc_custom_1542891396348{padding-top: 70px !important;padding-bottom: 70px !important;}&#8221; z_index=&#8221;&#8221;][vc_column offset=&#8221;vc_col-lg-offset-1 vc_col-lg-10&#8243;][vc_single_image image=&#8221;407&#8243; img_size=&#8221;full&#8221; alignment=&#8221;center&#8221; style=&#8221;vc_box_border_circle_2&#8243; qode_css_animation=&#8221;&#8221; css=&#8221;.vc_custom_1542891377177{padding-right: 5% !important;padding-left: 5% !important;}&#8221;][vc_empty_space height=&#8221;35px&#8221;][vc_separator type=&#8221;small&#8221; position=&#8221;center&#8221; color=&#8221;#c5a513&#8243;][vc_empty_space height=&#8221;15px&#8221;][vc_column_text css=&#8221;.vc_custom_1592902222694{padding-right: 8% !important;padding-left: 8% !important;}&#8221;]Vivo a Palermo, citt\u00e0 viva e ricca di...","og_url":"https:\/\/www.coffereali.com\/about-me\/","og_site_name":"Coffe Reali","article_modified_time":"2020-06-30T08:58:52+00:00","twitter_card":"summary_large_image","twitter_misc":{"Tempo di lettura stimato":"2 minuti"},"schema":{"@context":"https:\/\/schema.org","@graph":[{"@type":"WebPage","@id":"https:\/\/www.coffereali.com\/about-me\/","url":"https:\/\/www.coffereali.com\/about-me\/","name":"Su di me | Coffe Reali","isPartOf":{"@id":"https:\/\/www.coffereali.com\/#website"},"datePublished":"2016-07-15T14:53:33+00:00","dateModified":"2020-06-30T08:58:52+00:00","breadcrumb":{"@id":"https:\/\/www.coffereali.com\/about-me\/#breadcrumb"},"inLanguage":"it-IT","potentialAction":[{"@type":"ReadAction","target":["https:\/\/www.coffereali.com\/about-me\/"]}]},{"@type":"BreadcrumbList","@id":"https:\/\/www.coffereali.com\/about-me\/#breadcrumb","itemListElement":[{"@type":"ListItem","position":1,"name":"Home","item":"https:\/\/www.coffereali.com\/"},{"@type":"ListItem","position":2,"name":"Su di me"}]},{"@type":"WebSite","@id":"https:\/\/www.coffereali.com\/#website","url":"https:\/\/www.coffereali.com\/","name":"Coffe Reali","description":"Coffe artigianali Palermo Sicilia","potentialAction":[{"@type":"SearchAction","target":{"@type":"EntryPoint","urlTemplate":"https:\/\/www.coffereali.com\/?s={search_term_string}"},"query-input":{"@type":"PropertyValueSpecification","valueRequired":true,"valueName":"search_term_string"}}],"inLanguage":"it-IT"}]}},"_links":{"self":[{"href":"https:\/\/www.coffereali.com\/it\/wp-json\/wp\/v2\/pages\/59","targetHints":{"allow":["GET"]}}],"collection":[{"href":"https:\/\/www.coffereali.com\/it\/wp-json\/wp\/v2\/pages"}],"about":[{"href":"https:\/\/www.coffereali.com\/it\/wp-json\/wp\/v2\/types\/page"}],"author":[{"embeddable":true,"href":"https:\/\/www.coffereali.com\/it\/wp-json\/wp\/v2\/users\/4"}],"replies":[{"embeddable":true,"href":"https:\/\/www.coffereali.com\/it\/wp-json\/wp\/v2\/comments?post=59"}],"version-history":[{"count":27,"href":"https:\/\/www.coffereali.com\/it\/wp-json\/wp\/v2\/pages\/59\/revisions"}],"predecessor-version":[{"id":3144,"href":"https:\/\/www.coffereali.com\/it\/wp-json\/wp\/v2\/pages\/59\/revisions\/3144"}],"wp:attachment":[{"href":"https:\/\/www.coffereali.com\/it\/wp-json\/wp\/v2\/media?parent=59"}],"curies":[{"name":"wp","href":"https:\/\/api.w.org\/{rel}","templated":true}]}}

<div class="wpb-content-wrapper"><p>[vc_row css_animation=&#8221;&#8221; row_type=&#8221;row&#8221; use_row_as_full_screen_section=&#8221;no&#8221; type=&#8221;grid&#8221; angled_section=&#8221;yes&#8221; angled_section_position=&#8221;both&#8221; angled_section_direction=&#8221;from_left_to_right&#8221; text_align=&#8221;center&#8221; background_image_as_pattern=&#8221;without_pattern&#8221; css=&#8221;.vc_custom_1542891396348{padding-top: 70px !important;padding-bottom: 70px !important;}&#8221; z_index=&#8221;&#8221;][vc_column offset=&#8221;vc_col-lg-offset-1 vc_col-lg-10&#8243;][vc_single_image image=&#8221;407&#8243; img_size=&#8221;full&#8221; alignment=&#8221;center&#8221; style=&#8221;vc_box_border_circle_2&#8243; qode_css_animation=&#8221;&#8221; css=&#8221;.vc_custom_1542891377177{padding-right: 5% !important;padding-left: 5% !important;}&#8221;][vc_empty_space height=&#8221;35px&#8221;]<div class="custom_font_holder" style="font-family: Raleway; font-size: 24px; line-height: 36px; font-style: normal; font-weight: 400; text-decoration: none; text-align: center;">Susanna Morabito</div>[vc_separator type=&#8221;small&#8221; position=&#8221;center&#8221; color=&#8221;#c5a513&#8243;][vc_empty_space height=&#8221;15px&#8221;][vc_column_text css=&#8221;.vc_custom_1592902222694{padding-right: 8% !important;padding-left: 8% !important;}&#8221;]<span style="vertical-align: inherit;"><span style="vertical-align: inherit;">Vivo a Palermo, città viva e ricca di barocco sebbene viaggi molto, è solo dalla mia città che traggo l&#8217;ispirazione che mi guida nella realizzazione dei miei progetti. </span><span style="vertical-align: inherit;">Allestire e decorare e spazi in occasione di eventi o semplicemente per il Natale, è la mia attività principale. </span><span style="vertical-align: inherit;">Amo realizzare vere e proprie &#8220;opere d&#8217;arte&#8221;, capacità di arricchire o di riempire un ambiente, piccolo o grande che sia, con pazienza, passione, voglia di stupire.</span></span></p>
<p>&nbsp;</p>
<p><span style="vertical-align: inherit;"><span style="vertical-align: inherit;">Ecco come nascono le mie <a href="https://coffereali.com/it"> <span style="text-decoration: underline;">coffe siciliane</span></a> </span> targate Coffe Reali. </span><span style="vertical-align: inherit;">Le guardò al naturale nella loro già bella fattura e per me sono come delle stanze vuote in attesa di essere valorizzate, rivestite e nascono decorate o addobbate, con uno stile molto ricco, come tradizione comanda; </span><span style="vertical-align: inherit;">e il dedico alle donne alle quali piace non passare inosservato, affascinato dalla tradizione e nello stesso tempo, dai cambiamenti.</span>[/vc_column_text][vc_empty_space height=&#8221;50px&#8221;][vc_row_inner row_type=&#8221;row&#8221; type=&#8221;full_width&#8221; text_align=&#8221;left&#8221; css_animation=&#8221;&#8221;][vc_column_inner][vc_column_text]</p>
<h3 class="fs85 playfair chief-hdr" style="text-align: center;">Intrecci “reali” di paglia: vere opere d’arte</h3>
<p>[/vc_column_text][vc_empty_space height=&#8221;25px&#8221;][vc_single_image image=&#8221;956&#8243; img_size=&#8221;600&#215;320&#8243; alignment=&#8221;center&#8221; onclick=&#8221;custom_link&#8221; img_link_target=&#8221;_blank&#8221; qode_css_animation=&#8221;&#8221; link=&#8221;http://www.imore.it/rivista/intrecci-reali-di-paglia-vere-opere-darte/&#8221;][/vc_column_inner][/vc_row_inner][vc_empty_space height=&#8221;25px&#8221;][vc_column_text]</p>
<p style="text-align: center;">Monica Bracaloni<span class="author_company_divider"> &#8211;<span style="color: #c5a513;"><a style="color: #c5a513;" href="http://Intrecci “reali” di paglia: vere opere d’arte Monica Bracaloni - http://www.imore.it/rivista/intrecci-reali-di-paglia-vere-opere-darte/"> </a></span></span><span style="color: #c5a513;"><a style="color: #c5a513;" href="http://www.imore.it/rivista/intrecci-reali-di-paglia-vere-opere-darte/"><span class="author_company">http://www.imore.it/rivista/intrecci-reali-di-paglia-vere-opere-darte/</span></a></span></p>
<p>[/vc_column_text][/vc_column][/vc_row]</p>
</div>

<p>[vc_row css_animation=&#8221;&#8221; row_type=&#8221;row&#8221; use_row_as_full_screen_section=&#8221;no&#8221; type=&#8221;grid&#8221; angled_section=&#8221;yes&#8221; angled_section_position=&#8221;both&#8221; angled_section_direction=&#8221;from_left_to_right&#8221; text_align=&#8221;center&#8221; background_image_as_pattern=&#8221;without_pattern&#8221; css=&#8221;.vc_custom_1542891396348{padding-top: 70px !important;padding-bottom: 70px !important;}&#8221; z_index=&#8221;&#8221;][vc_column offset=&#8221;vc_col-lg-offset-1 vc_col-lg-10&#8243;][vc_single_image image=&#8221;407&#8243; img_size=&#8221;full&#8221; alignment=&#8221;center&#8221; style=&#8221;vc_box_border_circle_2&#8243; qode_css_animation=&#8221;&#8221; css=&#8221;.vc_custom_1542891377177{padding-right: 5% !important;padding-left: 5% !important;}&#8221;][vc_empty_space height=&#8221;35px&#8221;][vc_separator type=&#8221;small&#8221; position=&#8221;center&#8221; color=&#8221;#c5a513&#8243;][vc_empty_space height=&#8221;15px&#8221;][vc_column_text css=&#8221;.vc_custom_1592902222694{padding-right: 8% !important;padding-left: 8% !important;}&#8221;]Vivo a Palermo, città viva e ricca di&#8230;</p>

<!-- This site is optimized with the Yoast SEO plugin v27.5 - https://yoast.com/product/yoast-seo-wordpress/ -->
<title>Su di me | Coffe Reali</title>
<meta name="robots" content="index, follow, max-snippet:-1, max-image-preview:large, max-video-preview:-1" />
<link rel="canonical" href="https://www.coffereali.com/about-me/" />
<meta property="og:locale" content="it_IT" />
<meta property="og:type" content="article" />
<meta property="og:title" content="Su di me | Coffe Reali" />
<meta property="og:description" content="[vc_row css_animation=&#8221;&#8221; row_type=&#8221;row&#8221; use_row_as_full_screen_section=&#8221;no&#8221; type=&#8221;grid&#8221; angled_section=&#8221;yes&#8221; angled_section_position=&#8221;both&#8221; angled_section_direction=&#8221;from_left_to_right&#8221; text_align=&#8221;center&#8221; background_image_as_pattern=&#8221;without_pattern&#8221; css=&#8221;.vc_custom_1542891396348{padding-top: 70px !important;padding-bottom: 70px !important;}&#8221; z_index=&#8221;&#8221;][vc_column offset=&#8221;vc_col-lg-offset-1 vc_col-lg-10&#8243;][vc_single_image image=&#8221;407&#8243; img_size=&#8221;full&#8221; alignment=&#8221;center&#8221; style=&#8221;vc_box_border_circle_2&#8243; qode_css_animation=&#8221;&#8221; css=&#8221;.vc_custom_1542891377177{padding-right: 5% !important;padding-left: 5% !important;}&#8221;][vc_empty_space height=&#8221;35px&#8221;][vc_separator type=&#8221;small&#8221; position=&#8221;center&#8221; color=&#8221;#c5a513&#8243;][vc_empty_space height=&#8221;15px&#8221;][vc_column_text css=&#8221;.vc_custom_1592902222694{padding-right: 8% !important;padding-left: 8% !important;}&#8221;]Vivo a Palermo, città viva e ricca di..." />
<meta property="og:url" content="https://www.coffereali.com/about-me/" />
<meta property="og:site_name" content="Coffe Reali" />
<meta property="article:modified_time" content="2020-06-30T08:58:52+00:00" />
<meta name="twitter:card" content="summary_large_image" />
<meta name="twitter:label1" content="Tempo di lettura stimato" />
	<meta name="twitter:data1" content="2 minuti" />
<script type="application/ld+json" class="yoast-schema-graph">{"@context":"https:\/\/schema.org","@graph":[{"@type":"WebPage","@id":"https:\/\/www.coffereali.com\/about-me\/","url":"https:\/\/www.coffereali.com\/about-me\/","name":"Su di me | Coffe Reali","isPartOf":{"@id":"https:\/\/www.coffereali.com\/#website"},"datePublished":"2016-07-15T14:53:33+00:00","dateModified":"2020-06-30T08:58:52+00:00","breadcrumb":{"@id":"https:\/\/www.coffereali.com\/about-me\/#breadcrumb"},"inLanguage":"it-IT","potentialAction":[{"@type":"ReadAction","target":["https:\/\/www.coffereali.com\/about-me\/"]}]},{"@type":"BreadcrumbList","@id":"https:\/\/www.coffereali.com\/about-me\/#breadcrumb","itemListElement":[{"@type":"ListItem","position":1,"name":"Home","item":"https:\/\/www.coffereali.com\/"},{"@type":"ListItem","position":2,"name":"Su di me"}]},{"@type":"WebSite","@id":"https:\/\/www.coffereali.com\/#website","url":"https:\/\/www.coffereali.com\/","name":"Coffe Reali","description":"Coffe artigianali Palermo Sicilia","potentialAction":[{"@type":"SearchAction","target":{"@type":"EntryPoint","urlTemplate":"https:\/\/www.coffereali.com\/?s={search_term_string}"},"query-input":{"@type":"PropertyValueSpecification","valueRequired":true,"valueName":"search_term_string"}}],"inLanguage":"it-IT"}]}</script>
<!-- / Yoast SEO plugin. -->

[vc_row css_animation=&#8221;&#8221; row_type=&#8221;row&#8221; use_row_as_full_screen_section=&#8221;no&#8221; type=&#8221;grid&#8221; angled_section=&#8221;yes&#8221; angled_section_position=&#8221;both&#8221; angled_section_direction=&#8221;from_left_to_right&#8221; text_align=&#8221;center&#8221; background_image_as_pattern=&#8221;without_pattern&#8221; css=&#8221;.vc_custom_1542891396348{padding-top: 70px !important;padding-bottom: 70px !important;}&#8221; z_index=&#8221;&#8221;][vc_column offset=&#8221;vc_col-lg-offset-1 vc_col-lg-10&#8243;][vc_single_image image=&#8221;407&#8243; img_size=&#8221;full&#8221; alignment=&#8221;center&#8221; style=&#8221;vc_box_border_circle_2&#8243; qode_css_animation=&#8221;&#8221; css=&#8221;.vc_custom_1542891377177{padding-right: 5% !important;padding-left: 5% !important;}&#8221;][vc_empty_space height=&#8221;35px&#8221;][vc_separator type=&#8221;small&#8221; position=&#8221;center&#8221; color=&#8221;#c5a513&#8243;][vc_empty_space height=&#8221;15px&#8221;][vc_column_text css=&#8221;.vc_custom_1592902222694{padding-right: 8% !important;padding-left: 8% !important;}&#8221;]Vivo a Palermo, città viva e ricca di...
